{"id":503,"date":"2021-05-09T16:03:46","date_gmt":"2021-05-09T14:03:46","guid":{"rendered":"https:\/\/solyabebe.com\/shop\/index.php\/page-daccueil-2\/"},"modified":"2021-06-29T00:14:14","modified_gmt":"2021-06-28T22:14:14","slug":"page-daccueil-2","status":"publish","type":"page","link":"https:\/\/solyabebe.com\/shop\/","title":{"rendered":"Bienvenue Chez Solya !"},"content":{"rendered":"\n<h2 class=\"has-text-align-center\"><em>Votre b\u00e9b\u00e9 est unique, son trousseau aussi!<\/em><\/h2>\n\n\n\n<div class=\"wp-block-columns\">\n<div class=\"wp-block-column\"><div data-block-name=\"woocommerce\/featured-category\" data-dim-ratio=\"0\" data-edit-mode=\"false\" data-category-id=\"27\" data-show-desc=\"false\" class=\"wc-block-featured-category alignnone wp-block-woocommerce-featured-category\" style=\"background-image:url(https:\/\/solyabebe.com\/shop\/wp-content\/uploads\/2021\/05\/Solya-BANNIERE-1-854x1024.jpeg);min-height:500px;\"><div class=\"wc-block-featured-category__wrapper\"><h2 class=\"wc-block-featured-category__title\">Sur Mesure<\/h2><div class=\"wc-block-featured-category__link\">\n\n<div class=\"wp-block-button aligncenter\"><a class=\"wp-block-button__link\" href=\"https:\/\/solyabebe.com\/shop\/index.php\/atelier\/\">Sur Mesure<\/a><\/div>\n\n<\/div><\/div><\/div><\/div>\n\n\n\n<div class=\"wp-block-column\"><div data-block-name=\"woocommerce\/featured-category\" data-dim-ratio=\"10\" data-edit-mode=\"false\" data-media-id=\"721\" data-media-src=\"https:\/\/solyabebe.com\/shop\/wp-content\/uploads\/2021\/05\/Pret-a-porter.png\" data-category-id=\"72\" data-show-desc=\"false\" class=\"wc-block-featured-category alignnone has-background-dim has-background-dim-10 wp-block-woocommerce-featured-category\" style=\"background-image:url(https:\/\/solyabebe.com\/shop\/wp-content\/uploads\/2021\/05\/Pret-a-porter.png);min-height:500px;\"><div class=\"wc-block-featured-category__wrapper\"><h2 class=\"wc-block-featured-category__title\">Pret \u00e0 porter<\/h2><div class=\"wc-block-featured-category__link\">\n\n<div class=\"wp-block-button aligncenter\"><a class=\"wp-block-button__link\" href=\"https:\/\/solyabebe.com\/shop\/index.php\/categorie-produit\/pret-a-porter\/\">Pr\u00eat \u00e0 porter<\/a><\/div>\n\n<\/div><\/div><\/div><\/div>\n<\/div>\n\n\n\n<div style=\"height:100px\" aria-hidden=\"true\" class=\"wp-block-spacer\"><\/div>\n\n\n\n<div class=\"wp-block-columns alignwide are-vertically-aligned-top\">\n<div class=\"wp-block-column is-vertically-aligned-top\">\n<h3 class=\"has-text-align-center\">Notre concept <\/h3>\n\n\n\n<p class=\"has-text-align-center\">1. Je choisis mon trousseau Oeko-Tex ou BIO <br>2.Je choisis mon tissu principal <br>3.Je choisis ma doublure\/raccord <br>4.Je choisis la forme de mes fermetures<\/p>\n<\/div>\n\n\n\n<div class=\"wp-block-column is-vertically-aligned-top\">\n<h3 class=\"has-text-align-center\">Nos mat\u00e9riaux<\/h3>\n\n\n\n<p class=\"has-text-align-center\">Nous travaillons avec des mat\u00e9riaux certifi\u00e9s 100% coton  <a rel=\"noreferrer noopener\" href=\"https:\/\/www.oeko-tex.com\/en\/\" target=\"_blank\">Oeko-Tex<\/a> ou <a rel=\"noreferrer noopener\" href=\"https:\/\/www.ecocert.com\/fr-FR\/certification\/textile-biologique-gots\" target=\"_blank\">GOTS<\/a>, de la fibre et molleton Hypoallerg\u00e9nique, anti-acarien et certifi\u00e9s.<br>Il ne vous reste qu\u2019\u00e0 faire votre choix !<\/p>\n<\/div>\n\n\n\n<div class=\"wp-block-column is-vertically-aligned-top\">\n<h3 class=\"has-text-align-center\">Nos cr\u00e9ations<\/h3>\n\n\n\n<p class=\"has-text-align-center\">Notre objectif est d&rsquo;offrir \u00e0 b\u00e9b\u00e9 un trousseau unique, avec des produits certifi\u00e9s.<\/p>\n\n\n\n<p class=\"has-text-align-center\">Nos cr\u00e9ations sont confectionn\u00e9es en France et \u00e0 la main avec amour !<\/p>\n<\/div>\n<\/div>\n\n\n\n<p><\/p>\n","protected":false},"excerpt":{"rendered":"<p>Votre b\u00e9b\u00e9 est unique, son trousseau aussi! Notre concept 1. Je choisis mon trousseau Oeko-Tex ou BIO 2.Je choisis mon tissu principal 3.Je choisis ma doublure\/raccord 4.Je choisis la forme de mes fermetures Nos mat\u00e9riaux Nous travaillons avec des mat\u00e9riaux certifi\u00e9s 100% coton Oeko-Tex ou GOTS, de la fibre et molleton Hypoallerg\u00e9nique, anti-acarien et certifi\u00e9s.Il [&hellip;]<\/p>\n","protected":false},"author":1,"featured_media":0,"parent":0,"menu_order":0,"comment_status":"closed","ping_status":"closed","template":"template-fullwidth.php","meta":{"_monsterinsights_skip_tracking":false,"_monsterinsights_sitenote_active":false,"_monsterinsights_sitenote_note":"","_monsterinsights_sitenote_category":0,"spay_email":""},"_links":{"self":[{"href":"https:\/\/solyabebe.com\/shop\/index.php\/wp-json\/wp\/v2\/pages\/503"}],"collection":[{"href":"https:\/\/solyabebe.com\/shop\/index.php\/wp-json\/wp\/v2\/pages"}],"about":[{"href":"https:\/\/solyabebe.com\/shop\/index.php\/wp-json\/wp\/v2\/types\/page"}],"author":[{"embeddable":true,"href":"https:\/\/solyabebe.com\/shop\/index.php\/wp-json\/wp\/v2\/users\/1"}],"replies":[{"embeddable":true,"href":"https:\/\/solyabebe.com\/shop\/index.php\/wp-json\/wp\/v2\/comments?post=503"}],"version-history":[{"count":21,"href":"https:\/\/solyabebe.com\/shop\/index.php\/wp-json\/wp\/v2\/pages\/503\/revisions"}],"predecessor-version":[{"id":755,"href":"https:\/\/solyabebe.com\/shop\/index.php\/wp-json\/wp\/v2\/pages\/503\/revisions\/755"}],"wp:attachment":[{"href":"https:\/\/solyabebe.com\/shop\/index.php\/wp-json\/wp\/v2\/media?parent=503"}],"curies":[{"name":"wp","href":"https:\/\/api.w.org\/{rel}","templated":true}]}}